6
Calculate the greatest common divisor of 92 and 166934.
46
Calculate the highest common divisor of 16820 and 5365.
145
What is the highest common divisor of 285 and 101250?
15
Calculate the greatest common factor of 5916 and 27492.
348
What is the greatest common factor of 40460 and 15?
5
Calculate the greatest common divisor of 1141 and 493890.
163
What is the highest common factor of 18017 and 73325?
419
Calculate the highest common factor of 112 and 452424.
56
What is the greatest common factor of 17257664 and 64?
64
What is the highest common factor of 22 and 44385?
11
What is the greatest common divisor of 2244 and 37224?
132
What is the greatest common divisor of 12825 and 1350?
675
What is the greatest common divisor of 130 and 137215?
65
What is the greatest common factor of 552 and 185265?
69
What is the greatest common divisor of 27848 and 2?
2
Calculate the greatest common divisor of 3477 and 11712.
183
What is the highest common divisor of 495 and 130743?
9
Calculate the highest common divisor of 38 and 2342.
2
What is the greatest common divisor of 360 and 1389576?
24
What is the highest common divisor of 14946 and 516?
6
What is the greatest common divisor of 355160 and 39?
13
Calculate the greatest common factor of 129549 and 217.
217
What is the highest common divisor of 133 and 213731?
133
What is the highest common divisor of 32154 and 138?
138
Calculate the highest common factor of 9254 and 461378.
1322
What is the highest common divisor of 7 and 76706?
7
What is the greatest common divisor of 23 and 318251?
23
What is the greatest common divisor of 28600 and 46150?
650
What is the highest common divisor of 260 and 33140?
20
Calculate the highest common factor of 164 and 54612.
164
Calculate the greatest common divisor of 8316 and 224.
28
What is the highest common factor of 2238 and 6?
6
What is the highest common divisor of 31458 and 1596?
42
What is the highest common divisor of 324 and 1911843?
81
Calculate the greatest common factor of 219488 and 2688.
32
Calculate the highest common divisor of 598 and 14582.
46
Calculate the greatest common factor of 110 and 569195.
55
What is the greatest common divisor of 90 and 97770?
30
Calculate the greatest common factor of 77 and 103117.
7
What is the greatest common divisor of 250 and 404500?
250
Calculate the highest common factor of 75 and 10330.
5
Calculate the highest common divisor of 247 and 1109524.
247
What is the greatest common divisor of 11740365 and 273?
273
Calculate the highest common factor of 5247 and 35775.
477
Calculate the greatest common factor of 3264 and 5032.
136
Calculate the highest common divisor of 633175 and 2185.
95
Calculate the greatest common factor of 7344 and 58104.
216
Calculate the greatest common factor of 60192 and 198.
198
What is the greatest common factor of 502 and 7191401?
251
What is the greatest common divisor of 138236 and 28?
28
Calculate the highest common factor of 11765 and 52.
13
Calculate the greatest common factor of 580 and 495.
5
Calculate the highest common factor of 8 and 2684296.
8
What is the highest common factor of 83479 and 462?
11
Calculate the highest common divisor of 18828 and 648.
36
Calculate the greatest common factor of 20316 and 18.
6
What is the greatest common factor of 69238 and 234?
26
Calculate the highest common divisor of 84125 and 21536.
673
What is the highest common divisor of 282480 and 10384?
176
What is the greatest common factor of 6 and 65796?
6
Calculate the highest common divisor of 25957 and 2056.
257
What is the greatest common divisor of 8586 and 2916?
162
What is the highest common factor of 1370928 and 96?
48
What is the highest common divisor of 96 and 1795416?
24
What is the highest common factor of 132316 and 3724?
76
Calculate the greatest common divisor of 68402 and 184.
46
What is the greatest common factor of 311568 and 1128?
24
Calculate the greatest common divisor of 92 and 226040.
4
What is the highest common factor of 363 and 70059?
363
Calculate the greatest common factor of 1537873 and 2421.
269
Calculate the highest common factor of 547423 and 69.
23
Calculate the highest common factor of 61710 and 15895.
935
What is the highest common divisor of 30 and 56085?
15
Calculate the highest common factor of 14 and 175980.
14
Calculate the greatest common factor of 2381500 and 2200.
1100
What is the greatest common divisor of 49815 and 810?
405
Calculate the greatest common divisor of 632289 and 42.
21
What is the highest common divisor of 24768 and 6278?
86
Calculate the highest common divisor of 4930 and 9222.
58
Calculate the highest common divisor of 5967 and 11232.
351
What is the greatest common divisor of 665 and 329365?
95
What is the greatest common factor of 280 and 20104?
56
What is the highest common divisor of 16 and 360064?
16
Calculate the greatest common factor of 99 and 102861.
99
Calculate the greatest common divisor of 58 and 1539784.
58
What is the greatest common factor of 2 and 1021?
1
What is the greatest common factor of 1316 and 812?
28
Calculate the greatest common divisor of 91 and 17983.
7
Calculate the highest common factor of 8778 and 2226.
42
Calculate the highest common divisor of 985 and 24625.
985
What is the greatest common factor of 13692 and 798?
42
Calculate the greatest common factor of 4224535 and 3010.
1505
What is the greatest common factor of 2 and 130362?
2
What is the greatest common factor of 1179 and 9189?
9
What is the highest common factor of 410352 and 1494?
498
What is the highest common factor of 840 and 554505?
105
Calculate the greatest common factor of 8040 and 115910.
670
What is the greatest common divisor of 139359 and 246?
123
Calculate the highest common divisor of 246 and 33579.
123
What is the greatest common factor of 13008114 and 126?
126
What is the greatest common divisor of 42 and 16352?
14
What is the greatest common divisor of 4 and 1186?
2
What is the greatest common factor of 84177 and 431631?
1791
What is the highest common factor of 111074 and 8658?
74
Calculate the greatest common divisor of 948 and 3972.
12
Calculate the greatest common divisor of 948700 and 636.
212
Calculate the greatest common divisor of 508 and 4.
4
Calculate the greatest common factor of 773416 and 98.
98
Calculate the greatest common factor of 17951 and 7.
1
Calculate the highest common factor of 105 and 759535.
35
What is the highest common factor of 1450750 and 70?
70
What is the greatest common divisor of 2028 and 143?
13
Calculate the highest common divisor of 44352 and 33984.
576
Calculate the greatest common factor of 28454 and 6.
2
Calculate the greatest common factor of 7861 and 840.
7
Calculate the greatest common factor of 543067 and 147.
49
Calculate the greatest common divisor of 522 and 789525.
261
What is the highest common divisor of 152175 and 125?
25
Calculate the highest common divisor of 55 and 1650605.
55
Calculate the greatest common divisor of 22 and 967703.
11
Calculate the greatest common divisor of 269821 and 41.
41
What is the greatest common divisor of 384 and 1746?
6
Calculate the greatest common divisor of 4397997 and 103.
103
What is the greatest common factor of 100240 and 105?
35
What is the greatest common divisor of 57 and 1522641?
57
What is the highest common factor of 3955 and 1532280?
565
Calculate the highest common factor of 208 and 856.
8
What is the highest common factor of 36 and 262368?
36
Calculate the highest common factor of 440302 and 2.
2
What is the greatest common factor of 5384898 and 414?
414
What is the highest common divisor of 2926 and 326249?
1463
Calculate the highest common divisor of 236 and 29724.
4
What is the highest common divisor of 90408 and 36?
12
What is the highest common factor of 671119 and 837?
31
Calculate the highest common factor of 5610 and 20043.
51
Calculate the greatest common divisor of 561 and 3.
3
What is the greatest common divisor of 4560281 and 33?
11
Calculate the greatest common divisor of 6314 and 156948.
902
Calculate the greatest common divisor of 7680 and 10176.
192
What is the greatest common divisor of 47 and 109792?
47
Calculate the greatest common divisor of 198 and 70994.
22
Calculate the greatest common factor of 806 and 35402.
62
